a - 59. Determine s(38).
397
Let r(n) = 100*n - 11351. What is r(115)?
149
Let d(u) = -8*u**2 - 112*u + 1423. Determine d(9).
-233
Let s(w) = -4909*w + 466232. Calculate s(95).
-123
Let p(t) = -t**2 - 329211*t - 7900490. Give p(-24).
-2
Let q(w) = 12*w**2 + 1088*w - 371. Calculate q(-91).
-7
Let d(c) = 5*c**2 - 706*c - 1330. What is d(143)?
-43
Let d(r) = 303*r + 480. Determine d(-6).
-1338
Let y(q) = -157*q**2 - 796*q + 68. Calculate y(-5).
123
Let n(m) = m**3 - 32*m**2 - 172*m - 55. Calculate n(37).
426
Let x(h) = -5*h**2 - 327*h + 232. Give x(-66).
34
Let z(y) = -y**3 + 17*y**2 + 671*y. Give z(0).
0
Let x(g) = -66356*g - 66517. Determine x(-1).
-161
Let v(o) = -18*o**3 + 93*o**2 + 25*o - 27. Give v(6).
-417
Let n(d) = 3936*d**2 - 11808*d + 2. What is n(3)?
2
Let d(l) = -2*l**3 - 69*l**2 - 238*l + 925. Calculate d(-30).
-35
Let n(i) = 12257*i + 1434068. Determine n(-117).
-1
Let l(j) = j**3 + 76*j**2 + 1251*j + 502. What is l(-52)?
346
Let c(p) = -4828*p**3 + 4*p**2 + 1003*p + 1000. Determine c(-1).
4829
Let j(x) = 4*x**3 + 7*x**2 - 33*x + 211. Calculate j(-5).
51
Let a(g) = -2*g**3 + 49*g**2 - 451*g + 13448. Determine a(26).
-306
Let u(i) = -12527*i - 50100. What is u(-4)?
8
Let s(n) = -n**3 + 159*n**2 + 5227*n - 93. Determine s(-28).
159
Let l(q) = -24*q**3 - 8*q**2 - 296*q - 1433. Calculate l(-5).
2847
Let y(x) = 5*x**2 + 114*x + 985. What is y(-23)?
1008
Let b(m) = m**2 + 10564*m - 2043249. Give b(190).
11
Let p(y) = -174*y + 19584. What is p(105)?
1314
Let k(s) = -12*s**2 + 76*s - 154. Give k(3).
-34
Let x(m) = 6*m**2 - 766*m + 9428. Determine x(13).
484
Let c(z) = 12*z**3 - 709*z**2 + 56*z + 149. Calculate c(59).
-28
Let h(t) = 4*t**2 - 3469*t + 120508. Determine h(831).
13
Let j(a) = 237*a + 6087. Calculate j(-26).
-75
Let l(h) = -h**3 + 71*h**2 - 1326*h + 2527. Give l(37).
11
Let l(g) = g**3 + 37*g**2 + 341*g - 144. Determine l(-24).
-840
Let w(j) = -80*j**2 + 730*j - 1465. Give w(2).
-325
Let b(t) = -t**3 + 22*t**2 + 1424*t - 9132. Calculate b(6).
-12
Let p(m) = 668*m - 70743. Determine p(106).
65
Let t(x) = -6147*x + 18468. What is t(3)?
27
Let x(f) = 42*f**2 + 51*f - 385. What is x(7)?
2030
Let v(h) = 17*h + 4421. Give v(-153).
1820
Let q(b) = 3*b**3 + 855*b**2 + 15901*b + 93. Give q(-20).
73
Let d(k) = -9*k**2 - 42*k + 745. What is d(7)?
10
Let r(z) = -z**3 - 222*z**2 - 1288*z + 1991. Calculate r(-216).
263
Let b(r) = r**3 + 54*r**2 + 248*r + 293. Determine b(-49).
146
Let i(l) = l**3 + 90*l**2 - 1815*l + 417. Give i(-107).
-11
Let v(m) = -23983*m + 1318444. Calculate v(55).
-621
Let z(w) = -3*w**2 + 6819*w - 430396. Calculate z(65).
164
Let a(m) = 19*m**2 - 1395*m + 7080. Give a(5).
580
Let x(r) = 101*r**2 - 43329*r - 25. Determine x(429).
-25
Let b(x) = -4*x**2 + 4255*x + 42874. Calculate b(-10).
-76
Let n(g) = g**3 - 48*g**2 - 383*g + 616. Calculate n(54).
-2570
Let y(c) = c**3 - 1531*c**2 - 164853*c - 2128. What is y(-101)?
-7
Let q(i) = 3*i**3 + 40*i**2 - 2*i - 10. Determine q(-6).
794
Let h(y) = -7980*y - 2274289. What is h(-285)?
11
Let p(u) = -u**2 - 24*u + 613. Determine p(-67).
-2268
Let g(b) = -b**3 + 29*b**2 - 22*b - 192. Give g(25).
1758
Let d(y) = -42*y - 318. Give d(-152).
6066
Let z(o) = 13*o**2 + 406*o + 3238. What is z(-16)?
70
Let h(d) = -d**3 - 44*d**2 - 116*d + 267. Determine h(-41).
-20
Let k(s) = -387*s + 3746. Calculate k(13).
-1285
Let k(o) = -6*o**3 - 601*o**2 + 502*o - 333. What is k(-101)?
-30
Let f(y) = -26418*y - 79256. What is f(-3)?
-2
Let q(g) = 8518*g + 68804. What is q(-8)?
660
Let i(p) = -6*p**2 + 2234*p + 22196. What is i(-10)?
-744
Let t(v) = -v**3 + 41*v**2 + 4136*v + 24. Determine t(88).
24
Let v(c) = c**2 + 5028*c - 3627481. Give v(640).
39
Let l(n) = -40763*n + 12106614. What is l(297)?
3
Let y(g) = -g**3 + 16*g**2 - 654*g + 8026. Calculate y(13).
31
Let u(z) = 2*z**3 + 50*z**2 - 50*z + 208. Give u(-26).
156
Let p(z) = -8*z**2 - 1208*z + 22853. What is p(-168)?
5
Let u(t) = -t**3 - 320*t**2 + 2612*t - 3929. Give u(-328).
7
Let x(b) = -766*b - 39272. Calculate x(-51).
-206
Let s(k) = k**3 + 27*k**2 + 696*k + 13890. Give s(-23).
-2
Let c(v) = 29*v**2 + 256*v + 368. Determine c(-7).
-3
Let x(m) = -21*m**3 + 5*m**2 + 308*m - 1277. What is x(4)?
-1309
Let l(r) = -r**3 + 9*r**2 - 1164*r + 12977. What is l(11)?
-69
Let s(w) = -w**3 + 34*w**2 - 8039*w + 31681. Give s(4).
5
Let y(u) = -8*u**3 + 2080*u**2 - 6159*u - 2305. Calculate y(257).
8
Let l(i) = -15*i**2 - 217*i - 421. What is l(-2)?
-47
Let t(w) = -45565*w + 1503644. Give t(33).
-1
Let k(r) = 17624*r - 229122. Calculate k(13).
-10
Let y(m) = -7*m**2 - 7777*m - 603877. Calculate y(-1027).
-1
Let z(t) = -1600*t**2 - 8707*t - 8708. Give z(-1).
-1601
Let o(x) = 3*x**2 - 432*x - 3647. What is o(152)?
1
Let u(f) = -f**3 - 8*f**2 - 31*f - 677. Give u(-11).
27
Let n(p) = p**3 - 166*p**2 - 593*p - 261. What is n(-3)?
-3
Let n(u) = 9*u**2 + 1750*u + 68593. Determine n(-140).
-7
Let y(v) = 2*v**2 + 1278*v - 61539. What is y(45)?
21
Let v(n) = -n**2 + 1586*n + 2557370. Calculate v(2578).
-6
Let l(c) = -4*c**2 - 191*c - 1993. Give l(-10).
-483
Let o(x) = -1065*x + 3185. What is o(3)?
-10
Let i(l) = -l**3 - 6*l**2 - 9953*l - 79747. What is i(-8)?
5
Let a(n) = 283*n - 40443. What is a(142)?
-257
Let t(u) = -18*u**2 - 3529*u + 42434. Determine t(12).
-2506
Let y(g) = -62*g**3 + 4*g**2 - 9*g + 14. Calculate y(2).
-484
Let a(h) = 6*h**3 + 1595*h**2 - 267*h - 209. Calculate a(-266).
57
Let z(h) = 212218*h - 16765221. What is z(79)?
1
Let w(v) = v**3 + 50*v**2 - 182*v - 6652. Determine w(-51).
29
Let u(r) = r**3 + 29*r**2 + 283*r + 1538. Calculate u(-18).
8
Let d(p) = 52*p - 37. Determine d(15).
743
Let b(t) = 465*t - 19417. Give b(42).
113
Let v(b) = -8*b**3 - 26*b**2 + 33*b - 21. Determine v(-5).
164
Let j(c) = 75*c - 173. Calculate j(-6).
-623
Let v(h) = 2743*h - 15393. Calculate v(6).
1065
Let k(v) = -v**2 - 277*v - 15155. What is k(-71)?
-529
Let y(f) = -2*f**3 + 259*f**2 - 656*f + 2676. Determine y(127).
9
Let o(n) = -4*n**3 + 107*n**2 + 20*n + 81. Calculate o(27).
-108
Let k(v) = v**2 - 2816*v + 58475. Calculate k(21).
-220
Let x(t) = t**2 - 133*t + 1403. Calculate x(12).
-49
Let s(f) = -f**3 - 18*f**2 - 15*f + 40. Calculate s(2).
-70
Let y(d) = 42*d**2 - 17341*d - 2066. What is y(413)?
-1
Let w(l) = -38*l - 8130. Determine w(-214).
2
Let h(v) = -34*v**2 - 165*v - 164. Give h(-1).
-33
Let b(c) = 7*c**3 - 12*c**2 - 94*c - 630. Calculate b(-8).
-4230
Let l(c) = c**2 - 128*c - 9118. Calculate l(179).
11
Let d(u) = -218*u - 67710. What is d(-312)?
306
Let w(j) = -j**3 + j**2 - 52*j - 2268. Give w(-15).
2112
Let m(v) = 27*v**2 + 654*v + 28. Determine m(-22).
-1292
Let h(a) = -187*a + 848. Give h(10).
-1022
Let m(o) = -o**3 + 42*o**2 + 133*o - 5613. Determine m(42).
-27
Let t(k) = k**3 - 9*k**2 + 114*k - 1157. Determine t(9).
-131
Let z(k) = -3*k**2 - 8922*k + 71571. Determine z(8).
3
Let f(g) = -68678*g + 480752. Give f(7).
6
Let j(o) = -669267*o + 6692680. What is j(10)?
10
Let w(v) = -v**3 + 27*v**2 - 267*v + 1880. Give w(18).
-10
Let l(g) = g**3 - 32*g**2 - 4747*g + 2107. Calculate l(-55).
17
Let m(c) = 59093*c**2 - 768201*c - 94. Give m(13).
10
Let j(i) = 14548*i + 1440262. Calculate j(-99).
10
Let s(d) = 341*d + 8653. What is s(-27)?
-554
Let g(m) = m**3 + 35*m**2 - 64*m + 396. Calculate g(-37).
26
Let y(z) = 4130*z + 226825. Calculate y(-55).
-325
Let b(o) = 7*o**2 - 1724*o + 10200. Give b(6).
108
Let h(f) = -280681*f + 7017012. Give h(25).
-13
Let k(w) = -3*w**3 + 57*w**2 + 67*w - 1418. Give k(19).
-145
Let t(o) = -635*o**2 + 20958*o - 163. What is t(33)?
-64
Let i(h) = -2*h**3 + 29*h**2 - 83*h + 535. Determine i(18).
-3227
Let m(r) = r**3 - 1176*r**2 + 4142*r + 639909. Determine m(1172).
-3
Let v(z) = -6422*z - 147703. What is v(-23)?
3
Let y(k) = 2*k**3 - 22*k**2 - 643*k + 5522. Calculate y(8).
-6
Let u(l) = -3322*l**2 + 19923*l + 20. What is u(6)?
-34
Let a(d) = 1314*d**2 - 3887*d - 4. Calculate a(3).
161
Let g(a) = -a**3 + 13*a**2 + 120*a - 258. Determine g(15).
1092
Let s(k) = 42*k**2 - 2078*k + 24542. Give s(30).
2
Let p(b) = 430*b - 54818. Give p(127).
-208
Let r(c) = -3*c**3 + 292*c**2 - 7078*c + 588. Determine r(45).
3
Let f(m) = 8*m**3 - 1271*m**2 - 171*m + 1938. What is f(159)?
30
Let s(p) = -257*p - 1105. What is s(-4)?
-77
Let q(x) =